{"id":95,"date":"2021-07-10T12:26:19","date_gmt":"2021-07-10T12:26:19","guid":{"rendered":"http:\/\/viuresobrerodes.cat\/?page_id=95"},"modified":"2021-12-27T19:21:57","modified_gmt":"2021-12-27T19:21:57","slug":"sobre-nosaltres","status":"publish","type":"page","link":"https:\/\/viuresobrerodes.cat\/?page_id=95","title":{"rendered":"Sobre nosaltres"},"content":{"rendered":"\n<p>Benvinguts al nostre bloc!<\/p>\n\n\n\n<p>Ens diem Miquel i Rosa,<br>som del Baix Llobregat i des de fa m\u00e9s de 30 anys tenim una segona resid\u00e8ncia a la Noguera\u2026<br>Fa uns mesos vam decidir canviar la nostra quotidianitat, no va ser una decisi\u00f3 impulsiva, vam valorar pros i contres\u2026 Tota valoraci\u00f3 inclou, l&#8217;an\u00e0lisi de les conseq\u00fc\u00e8ncies, bones i dolentes i no les podem anticipar amb precisi\u00f3, perqu\u00e8 no les podem imaginar totes. Ara b\u00e9, cal analitzar les conseq\u00fc\u00e8ncies que tindr\u00e0 el canvi, tant per a nosaltres, com per la fam\u00edlia.<br>Encara no hem dit quin canvi, per\u00f2 segur que imagineu quin \u00e9s.<br>S\u00ed, hem decidit canviar la casa del Baix Llobregat per una autocaravana!<br>L&#8217;autocaravana ser\u00e0 la nostra llar de dilluns a divendres\u2026 i algun cap de setmana. La casa de la Noguera ser\u00e0 el nostre camp base.<br>L&#8217;autocaravana ser\u00e0 llar i oficina!!<br>Cal puntualitzar que si podem fer aquest canvi \u00e9s perqu\u00e8 la feina la tenim per tot Catalunya. Fa una mica de vertigen!<br>Ens trobarem en situacions noves i hem pensat compartir-les amb vosaltres. Farem publicacions aqu\u00ed, a Instagram, i Youtube. Esperem que us agradi tot all\u00f2 que us explicarem sobre la nostra experi\u00e8ncia de viure sobre rodes.<\/p>\n","protected":false},"excerpt":{"rendered":"<p>Benvinguts al nostre bloc! Ens diem Miquel i Rosa,som del Baix Llobregat i des de fa m\u00e9s de 30 anys tenim una segona resid\u00e8ncia a la Noguera\u2026Fa uns mesos vam decidir canviar la nostra quotidianitat, no va ser una decisi\u00f3 impulsiva, vam valorar pros i contres\u2026 Tota valoraci\u00f3 inclou, l&#8217;an\u00e0lisi de les conseq\u00fc\u00e8ncies, bones i [&hellip;]<\/p>\n","protected":false},"author":1,"featured_media":0,"parent":0,"menu_order":0,"comment_status":"closed","ping_status":"closed","template":"","meta":{"footnotes":""},"class_list":["post-95","page","type-page","status-publish","hentry"],"jetpack_sharing_enabled":true,"_links":{"self":[{"href":"https:\/\/viuresobrerodes.cat\/index.php?rest_route=\/wp\/v2\/pages\/95","targetHints":{"allow":["GET"]}}],"collection":[{"href":"https:\/\/viuresobrerodes.cat\/index.php?rest_route=\/wp\/v2\/pages"}],"about":[{"href":"https:\/\/viuresobrerodes.cat\/index.php?rest_route=\/wp\/v2\/types\/page"}],"author":[{"embeddable":true,"href":"https:\/\/viuresobrerodes.cat\/index.php?rest_route=\/wp\/v2\/users\/1"}],"replies":[{"embeddable":true,"href":"https:\/\/viuresobrerodes.cat\/index.php?rest_route=%2Fwp%2Fv2%2Fcomments&post=95"}],"version-history":[{"count":6,"href":"https:\/\/viuresobrerodes.cat\/index.php?rest_route=\/wp\/v2\/pages\/95\/revisions"}],"predecessor-version":[{"id":207,"href":"https:\/\/viuresobrerodes.cat\/index.php?rest_route=\/wp\/v2\/pages\/95\/revisions\/207"}],"wp:attachment":[{"href":"https:\/\/viuresobrerodes.cat\/index.php?rest_route=%2Fwp%2Fv2%2Fmedia&parent=95"}],"curies":[{"name":"wp","href":"https:\/\/api.w.org\/{rel}","templated":true}]}}

<p>Benvinguts al nostre bloc!</p>



<p>Ens diem Miquel i Rosa,<br>som del Baix Llobregat i des de fa més de 30 anys tenim una segona residència a la Noguera…<br>Fa uns mesos vam decidir canviar la nostra quotidianitat, no va ser una decisió impulsiva, vam valorar pros i contres… Tota valoració inclou, l&#8217;anàlisi de les conseqüències, bones i dolentes i no les podem anticipar amb precisió, perquè no les podem imaginar totes. Ara bé, cal analitzar les conseqüències que tindrà el canvi, tant per a nosaltres, com per la família.<br>Encara no hem dit quin canvi, però segur que imagineu quin és.<br>Sí, hem decidit canviar la casa del Baix Llobregat per una autocaravana!<br>L&#8217;autocaravana serà la nostra llar de dilluns a divendres… i algun cap de setmana. La casa de la Noguera serà el nostre camp base.<br>L&#8217;autocaravana serà llar i oficina!!<br>Cal puntualitzar que si podem fer aquest canvi és perquè la feina la tenim per tot Catalunya. Fa una mica de vertigen!<br>Ens trobarem en situacions noves i hem pensat compartir-les amb vosaltres. Farem publicacions aquí, a Instagram, i Youtube. Esperem que us agradi tot allò que us explicarem sobre la nostra experiència de viure sobre rodes.</p>

<p>Benvinguts al nostre bloc! Ens diem Miquel i Rosa,som del Baix Llobregat i des de fa més de 30 anys tenim una segona residència a la Noguera…Fa uns mesos vam decidir canviar la nostra quotidianitat, no va ser una decisió impulsiva, vam valorar pros i contres… Tota valoració inclou, l&#8217;anàlisi de les conseqüències, bones i [&hellip;]</p>
